- 8/36. Suppose -a = -b + 2*b. Calculate the remainder when 14 is divided by (-3)/b - (-31)/4.
6
Suppose -3*j - 2*t + 2 = -17, 0 = 3*j - 3*t + 6. What is the remainder when 4 is divided by j?
1
Suppose 5*f + 51 - 196 = -5*h, 81 = 3*f + h. Calculate the remainder when f is divided by 14.
12
Let g be (0 + -1)*(-1 - 0). Let m = -9 + 11. Calculate the remainder when 4 is divided by (g + 2)/(3 - m).
1
Suppose 2 + 19 = 7*b. Suppose -b*f + 29 = -22. Let o(d) = -10*d - 1. Calculate the remainder when f is divided by o(-1).
8
Let z(d) = 17*d - 1. Let m be z(3). Suppose 0 = -4*w + w + 2*t + m, 2*t = -2. Suppose y = -1 + w. What is the remainder when y is divided by 6?
3
Suppose -b = -2 - 20. Calculate the remainder when b is divided by 6.
4
Suppose -8*d + d = -287. What is the remainder when d is divided by (-2)/4 - 58/(-4)?
13
Let n = 58 + -13. Calculate the remainder when n is divided by 16.
13
Let l(s) be the second derivative of s**3/3 - 5*s**2/2 - 2*s. Calculate the remainder when 35 is divided by l(7).
8
Suppose -69 = -4*g + 3. What is the remainder when 85 is divided by g?
13
Suppose 97 = 5*u - c, -3*c - 21 - 4 = -u. Calculate the remainder when u is divided by 12.
7
Let r(k) = 21*k**2 + k. Suppose c = -2*c + 3. What is the remainder when r(c) is divided by 12?
10
Let o be (-4)/26 + 680/26. Suppose -2*l - o = -3*l. Calculate the remainder when l is divided by (3/2)/((-3)/(-18)).
8
Let x = 10 + -3. Calculate the remainder when x is divided by 2.
1
Let s(u) = -u - 7. Let m(p) be the first derivative of -p**4/4 - 2*p**3/3 + 3*p**2/2 + 6*p - 1. Calculate the remainder when m(-4) is divided by s(-16).
8
Let w be 1 + (-4 + 3 - 1). Calculate the remainder when 27 is divided by 60/9 - w/3.
6
Let h be 83/4 - 9/12. Suppose -4*j = j - h. What is the remainder when 10 is divided by j?
2
Let v = 11 + -2. Let y = v - 6. Calculate the remainder when 23/5 + 2/5 is divided by y.
2
Let c(v) = 51*v**2 + v - 2. What is the remainder when c(1) is divided by 27?
23
Let z = -25 + 18. Let g = z + 9. Suppose 3*a - 54 = g*h - 15, 3*h = 0. What is the remainder when a is divided by 5?
3
Suppose -5*k + 2*k = v - 23, -3*k - 2*v = -19. Let f = -9 + 26. What is the remainder when f is divided by k?
8
Let m = 0 + 5. Suppose -2*z = 2*c - 30, -m*c + 0*c = 3*z - 37. What is the remainder when z is divided by 7?
5
Suppose 5*n - 28 - 27 = 0. Calculate the remainder when 64 is divided by n.
9
Let l be 112 + 4*(-2)/4. Suppose -s - 41 + l = 0. What is the remainder when s is divided by 18?
15
What is the remainder when ((-2)/(-4))/((-1)/(-152)) is divided by 26?
24
Let u = 92 + -50. What is the remainder when 81 is divided by u?
39
Suppose 10*i - 13*i = -6. Suppose -c - i*c = 4*q - 81, -2*c = 2. What is the remainder when q is divided by 11?
10
Suppose 2*o = 2*n - 28, -n - 2*o + 4 = -o. Calculate the remainder when 27 is divided by n.
0
Let a(x) = -4*x**3 + x**2 - 2*x - 8. What is the remainder when 127 is divided by a(-2)?
31
Suppose -5*r + 30 = 5*q, -3 = -2*r + 6*r - 5*q. Let n = -14 - -16. What is the remainder when r is divided by n?
1
Let y = -4 + 28. What is the remainder when y is divided by 7?
3
Let v(k) = -3*k + 13. Let x be v(6). Let f = 0 - x. What is the remainder when f is divided by 3?
2
Let d be 7*3/(6/2). Suppose -2*t = -d - 11. Let u = 5 - 1. Calculate the remainder when t is divided by u.
1
Suppose 0*s = 3*s - 306. Calculate the remainder when s is divided by -52*((-1)/(-5))/(6/(-15)).
24
Suppose 0 = -5*t - 157 + 27. Let y = -6 - 32. Let c = t - y. What is the remainder when 35 is divided by c?
11
Suppose 181 + 116 = 9*q. What is the remainder when 59 is divided by q?
26
Let a(h) = h**2 + 3*h. Let c be a(-3). Suppose 3*g = 2*m + 10 - 1, -g - 3 = c. Calculate the remainder when 1*m*(-4 + 0) is divided by 13.
10
Let r = 46 - 120. Calculate the remainder when 3*r*2/(-12) is divided by 13.
11
Let p(x) = -14*x. Let n = 9 - 10. Let r be p(n). Suppose f - 2*f + r = 0. Calculate the remainder when 26 is divided by f.
12
Let d = 12 - 8. Let k(v) = 2*v - 5. Calculate the remainder when 7 is divided by k(d).
1
Suppose 4*i + 171 = 3*o, 2*i = -o + 7*i + 46. What is the remainder when o is divided by 24?
13
Suppose 0 = -3*y + 4*y - 21. What is the remainder when 39 is divided by y?
18
Let a(y) = -y**2 - 11*y + 5. Let u be a(-6). Suppose 0*s - g = 4*s - u, 4*g = 12. Calculate the remainder when 27 is divided by s.
3
Let o be 2/(-2) + 6 + -7. Let d be o/(-7) + (-45)/35. Let c = d + 4. Calculate the remainder when 6 is divided by c.
0
Let g = 382 - 268. What is the remainder when g is divided by 23?
22
Suppose 0*n + 18 = -2*n. Let q = n - -18. What is the remainder when 33 is divided by q?
6
Let z(t) = t**2 + 6*t + 11. Let n be z(-8). Let f = -15 + n. Calculate the remainder when 22 is divided by f.
10
Suppose -4*m - 6 = -5*m. Let f = 340 + -338. Calculate the remainder when m is divided by f.
0
Let r be (-1 + 2)/((-1)/(-14)). Suppose 5 = -m + r. Suppose f - 6*b = -4*b + m, -2*f + 21 = -b. Calculate the remainder when 21 is divided by f.
10
Suppose -40 = 2*x + 3*d + d, -d = 4*x + 52. Let i = x - -39. Calculate the remainder when i is divided by 14.
13
Let x(t) = t**3 + t**2 - t + 9. What is the remainder when 30 is divided by x(0)?
3
Let u = 136 + -83. What is the remainder when u is divided by 20?
13
Let h be 6/(-3) - (26 - 1). Let r = h - -40. What is the remainder when r is divided by (-46)/(-6) + 8/(-12)?
6
Let v = -8 + 14. Let y = 20 - -10. What is the remainder when y is divided by 12/(-1 - (-15)/v)?
6
Let z(t) = t - 12. Let i be z(6). Let p be (-6)/4*8/i. Suppose -50 = -s - 5*a, 3*s + 4*a - 48 = p*s. Calculate the remainder when s is divided by 14.
12
Let n(h) = h**3 + h**2 + h + 20. What is the remainder when (12/(-30))/(8/(-1180)) is divided by n(0)?
19
Let p(r) = r**3 - 3*r**2 + 8*r + 6. Let q be p(7). Suppose i - 2*i + 3*f = -75, q = 4*i + 2*f. What is the remainder when i is divided by 17?
15
Let f be (2/6 + 1)*-3. Let y(n) = -n**3 - 3*n**2 - 5*n - 1. Suppose 0 = -3*p - 3 + 39. Calculate the remainder when y(f) is divided by p.
11
Let w = -122 - -176. Calculate the remainder when w is divided by (-19 + 1)/(-1) + 1.
16
Suppose 0 = -2*v + 8, 49 + 9 = 3*b + v. Calculate the remainder when 3985/75 - 2/15 is divided by b.
17
Suppose -3*t - 10 = 5*f + 15, f - 4*t = -28. Calculate the remainder when ((-12)/f - -3)*12 is divided by 14.
12
Suppose -j = -7 - 13. Let p be (-16)/4 + 2/2. Let o = p - -10. What is the remainder when j is divided by o?
6
Suppose r - 135 = -4*r. Let p(d) = d**2 - 2*d - 1. What is the remainder when r is divided by p(5)?
13
Let i = -134 - -135. Let h be 5/(-1 + 3/2). Suppose -5*o = 3*b - h, 0*o + o - 2 = 4*b. What is the remainder when o is divided by i?
0
Suppose 3*p = 3*a - 21, 4*p = -2*a - a. What is the remainder when (a/6)/(1/9) is divided by 2?
0
Let p = -40 + 58. What is the remainder when p is divided by 8?
2
Let g(c) = -6*c - 3. Suppose 4*p - 13 = t, 31 = 3*t + 4*p + 6. Suppose 28 = 5*w + t. Calculate the remainder when g(-2) is divided by w.
4
Let i(s) = 5*s**2 + 4 + 6*s + 5*s**3 - 1 - 6*s**3. Calculate the remainder when 96 is divided by i(5).
30
Suppose -3*w + 67 = -14. Calculate the remainder when 103 is divided by w.
22
Suppose 3*k + 18 = -5*l, 9 + 3 = -2*k - 5*l. Let b = k - -9. What is the remainder when -1*(-4)/2 + 8 is divided by b?
1
Suppose c - 21 = 5. Calculate the remainder when c is divided by 14.
12
Suppose 5*s - 3*p - 310 = -5*p, -2*p = 0. Suppose 2*v - 484 = -7*o + 2*o, -3*o + 292 = 2*v. Let l = o - s. Calculate the remainder when l is divided by 12.
10
Suppose 2*o - 4 = 0, 3*l = -0*l - 4*o + 41. Calculate the remainder when 32 is divided by l.
10
Suppose 0 = 4*l - 2*o - 62, 2*o - 15 = -2*l + 1. Calculate the remainder when 50 is divided by l.
11
Suppose 0 = -4*x - a + 22 + 19, 3*a - 6 = x. Suppose -x - 19 = -2*o. What is the remainder when o is divided by 4?
2
Let p(i) = 2*i + 2. Let l(h) = 3*h. Let c be l(6). Let b = -2 + c. What is the remainder when b is divided by p(2)?
4
Let m(q) = 4*q**2 + 12*q + 18. What is the remainder when m(-6) is divided by 48?
42
Let c be ((-10)/10)/(1/(-38)). Suppose -3*i = -2*h - 0*h - 77, -c = -2*i + 4*h. What is the remainder when i is divided by 15?
14
Suppose c + 0*c = 74. What is the rema